st common factor of w and 8.
8
Let s(l) = 3*l**2 - l. Let d be s(5). Suppose 6 + 0 = 3*j. Suppose j*a - 46 = -5*z, 2*z + 2*z = -3*a + 34. Calculate the highest common divisor of z and d.
10
Suppose a + 2*o + 2 = -0*o, a + o = -2. Let g be a/(((-2)/(-28))/(-1)). Calculate the greatest common factor of g and 14.
14
Suppose 0*i - 5*i = -2*h - 3776, 3*i - 2260 = 4*h. Suppose -2*p = -6*p + i. What is the highest common factor of p and 27?
27
Suppose y + 198 = 2*y. Suppose 86 = 4*d + 14. Calculate the greatest common divisor of d and y.
18
Suppose -3*v + 5 = c, -v + 2*v + 2 = 0. Calculate the highest common divisor of c and 99.
11
Let j(o) = -o**3 - o**2. Let q be j(0). Let n be (-3)/(q - 3)*2. Suppose 0 = w - 5*b - 9, 4*b + n = -2. Calculate the greatest common divisor of 28 and w.
4
Let n(l) = -l**3 + 5*l**2 + 4*l - 3. Let z be n(3). Calculate the greatest common divisor of 81 and z.
27
Let f(x) = -121*x - 1. Let j be f(-1). Let a(l) = -l**3 + 12*l**2 + l + 3. Let p be a(12). Calculate the highest common divisor of j and p.
15
Let o(z) = -4*z - 4. Let y be o(-7). Calculate the highest common factor of 72 and y.
24
Let y(g) be the first derivative of -9*g**2 + 6*g - 3. Suppose 5*q = -0*q - 25. Let d be y(q). What is the greatest common divisor of d and 12?
12
Let x = 16 + -7. Let y be (-328)/(-6) - x/(-27). What is the highest common factor of 22 and y?
11
Suppose -2*b - 27 = -5*b. Suppose -2*f = -b + 3. Suppose 5*u + 81 = h, -f*h = -2*h - 2*u - 81. What is the greatest common factor of h and 9?
9
Let k(r) = 38*r**2 + 2. Let h be k(-3). Let u = h + -124. Calculate the greatest common factor of u and 20.
20
Suppose -62 = -5*q - 2. Calculate the greatest common factor of q and 72.
12
Suppose 6*a - 60 = 2*a. Let j(n) = 69*n - 3. Let k be (4/(0 + -2))/(-1). Let v be j(k). Calculate the greatest common divisor of a and v.
15
Suppose y + 4*r - 12 = 4, 4*r + 44 = 2*y. Let i(c) = 220*c**2. Let n be 2*(-1)/(-2)*1. Let s be i(n). What is the greatest common factor of y and s?
20
Let b(h) = 25*h**3 + h**2 + h - 1. Let x be b(1). Let y be (0 + x/8)*12. What is the greatest common factor of y and 13?
13
Suppose -3*n + 21 = -2*n. Suppose -4*f = -2*l + 22, l - 2*f + 5 = -4*f. What is the greatest common divisor of l and n?
3
Let f(s) be the third derivative of -s**6/120 + 3*s**5/20 + s**4/24 + 5*s**3/6 + 2*s**2. Let d be f(5). Calculate the highest common divisor of d and 44.
22
Let u(b) = -b**3 + 4*b**2 + 10*b - 4. Let a be u(5). Calculate the greatest common divisor of a and 189.
21
Suppose -49 = -2*v - z, -4*z - 31 = -11. What is the greatest common factor of v and 297?
27
Let w be 1/(-5) + 1431/5. Calculate the greatest common divisor of w and 26.
26
Suppose 4*o + 3 - 11 = 0. Suppose -m + 50 = -o*m. Let p = -29 - m. Calculate the highest common divisor of p and 189.
21
Let o = 16 - 4. Calculate the highest common factor of 48 and o.
12
Suppose 2*p - 14 + 4 = 0. Let c = 41 - 26. Calculate the highest common factor of c and p.
5
Let x = -4 - -4. Suppose x = 3*f + 3*q - 6, f - 2*f = -3*q - 2. Let l(k) = k**2 - 3*k - 2. Let i be l(6). Calculate the greatest common factor of i and f.
2
Let u = -258 + 276. Suppose 0 = 2*z + 3*z - 450. What is the greatest common divisor of z and u?
18
Suppose -d - d + 21 = -5*t, 9 = 4*d + t. Suppose 0 = 2*r + d*j - 9, 2*r - 4*r - 5*j + 3 = 0. Calculate the greatest common divisor of r and 90.
9
Let s(v) = -5*v - 3. Let x be s(-3). Calculate the highest common factor of 16 and x.
4
Let q be -1732*((-14)/(-4) - 3). Let d be q/(-8) + (-2)/8. What is the greatest common factor of 12 and d?
12
Let u be (-10 + 3)*((-44)/7 + 2). What is the greatest common factor of 45 and u?
15
Suppose -s = -0*s - 5*j - 66, -178 = -3*s + 5*j. What is the greatest common divisor of s and 42?
14
Let u(x) = -6 + 19*x**3 - 10*x**3 + 6*x**2 - 10*x**3 - 5*x + x**2. Let c be u(5). Calculate the highest common divisor of 19 and c.
19
Suppose 2*q = -6 - 4. Let h = q + 6. What is the highest common factor of 9 and h?
1
Let i = -84 + -37. Let l(c) = 13*c**3 - c**2 - c. Let v be l(-1). Let m = v - i. Calculate the highest common divisor of 12 and m.
12
Suppose 8*x - 20 = 3*x. Suppose -2*v = -w + 27, x*v = 5*w - 14 - 139. What is the greatest common divisor of 22 and w?
11
Let t(z) = -z**3 + 9*z**2 + 13*z - 24. Let f be t(10). Calculate the greatest common divisor of 24 and f.
6
Let a(p) = -p**2 + 5*p + 8. Let h be a(6). Let v be ((-1)/h)/((-1)/12). Let d = -12 + 15. What is the greatest common divisor of d and v?
3
Let n be (27 + 3)/(-1 + 2). What is the greatest common divisor of 20 and n?
10
Let i be (-4)/(-14) - (-5)/7. Suppose u - i = -5*q - 0, -u + 2*q + 15 = 0. Suppose 158 + 18 = 2*p. What is the highest common factor of p and u?
11
Let o be (-120)/(-18)*(-24)/(-10). Suppose -p = 3*p - 56. Suppose c - 4*j - p = -j, 5*j = 3*c - 34. Calculate the greatest common divisor of c and o.
8
Let v(q) = q**2 - 3*q - 2. Let j be v(5). Suppose -3*h = -u + 5*u - 41, 0 = -3*u - 2*h + 31. Let k = u - -29. Calculate the highest common divisor of j and k.
8
Let a(z) = z + 16. Let g be a(-7). Calculate the highest common factor of 279 and g.
9
Let b(j) = -2*j**3 - 3*j**2 + j + 2. Let g be b(-2). Suppose -g*p - 15 = -9*p. Calculate the highest common divisor of 9 and p.
3
Let a(o) = 3*o - 33. Let x be a(23). Calculate the greatest common factor of x and 27.
9
Suppose d = -2 + 3. Suppose -2*t - 5 = -35. Suppose 0 = -5*f - t, 0 = -0*p - p - 3*f - 1. Calculate the greatest common factor of d and p.
1
Let n(m) = 172*m**2 + m. Let o be n(-1). Calculate the highest common divisor of o and 19.
19
Let z(s) = -s**2 + 6*s - 5. Suppose -2*c = 6, -l + 3*c - 2*c + 7 = 0. Suppose -2*k + k = -l. Let a be z(k). Calculate the greatest common divisor of a and 2.
1
Let m = 56 - 30. Suppose f = -4*d + 157, -10 = 2*d - 2*f - 86. What is the highest common divisor of m and d?
13
Let p be (1 + 3/(-2))/(2/(-92)). Calculate the highest common factor of 23 and p.
23
Let o(d) = -8*d + 3. Let j be o(-3). Let b be -7*3/(-1)*2. Let k = 60 - b. Calculate the greatest common divisor of j and k.
9
Suppose i + 7 = 2*k, 2*k - 3*i = 3*k. Let v be (-2)/k + (-28)/(-6). Let m be v/2 + -3 + 56. What is the highest common factor of 5 and m?
5
Suppose 2*s - 49 = 13. What is the highest common factor of s and 31?
31
Suppose -30*s + 176 = -28*s. Calculate the highest common divisor of s and 8.
8
Let f be (-7)/7 - (-2 + -2). What is the greatest common factor of f and 3?
3
Let v = 2 + -2. Suppose -3*i + 270 = -v*i. Let n(a) = -4*a + 38. Let f be n(7). Calculate the greatest common divisor of f and i.
10
Let h(c) = c**2 - c - 1. Let r be h(-2). Let l be 1 + -3 + 59 + -2. Calculate the greatest common factor of l and r.
5
Let k be (4 - (3 - 1)) + -2. Let n(c) = c**3 + c**2 + 11. Let t be n(k). Calculate the greatest common factor of 88 and t.
11
Let h be (-95)/10*(-1 - 1). What is the greatest common divisor of h and 76?
19
Suppose 5*m = 4*m + 4. Let c be ((-6)/m)/(6/(-12)). Calculate the greatest common divisor of c and 24.
3
Let p(z) = -z**3 + 3*z**2 - z + 4. Suppose -o - 15 = -18. Let j be p(o). What is the highest common divisor of 8 and j?
1
Suppose -4*t + t + 21 = 0. Let i be (-4)/(-14) + 96/t. What is the highest common factor of i and 42?
14
Let x = 52 - 124. Let h be (x/14)/2*-7. What is the highest common factor of h and 12?
6
Suppose 3*s - 3*q - 2*q + 64 = 0, 4*q = -5*s - 45. Let w = s + 25. What is the highest common divisor of 96 and w?
12
Let m = -23 - -14. Let q = -5 - m. Suppose 26 = q*l - 2*l. Calculate the highest common divisor of 52 and l.
13
Let d = -56 - -87. Let b be d - 0 - (-2 - -3). Let g = b + -19. Calculate the highest common factor of 77 and g.
11
Let j = -59 + 194. Let l(m) = -m + 10. Let r be l(-5). What is the greatest common divisor of j and r?
15
Suppose -4*n + 6*n + 5*l = 54, -2*n - 4*l + 56 = 0. What is the greatest common factor of n and 256?
32
Let s be (11 - 18)/(1 + 0). Let y(p) = p**2 + 4*p - 5. Let w be y(s). What is the greatest common factor of 144 and w?
16
Let d be ((-6)/(-9))/(-4*(-2)/2028). What is the greatest common factor of d and 13?
13
Suppose 3*n - 14 = u - 112, -3*n - u - 106 = 0. Let i = -14 - n. Calculate the greatest common factor of 8 and i.
4
Let k(h) be the thi